ainder when 17519 is divided by 13569.
3950
What is the remainder when 7457959 is divided by 68?
59
Calculate the remainder when 4259984 is divided by 876.
872
What is the remainder when 3862986 is divided by 43?
38
Calculate the remainder when 1757186 is divided by 1359.
1358
What is the remainder when 24289102 is divided by 8096365?
7
What is the remainder when 1774243 is divided by 374?
361
What is the remainder when 40803736 is divided by 613?
4
What is the remainder when 3643344 is divided by 132?
12
What is the remainder when 839578 is divided by 7046?
1104
Calculate the remainder when 41397 is divided by 41331.
66
Calculate the remainder when 1688015 is divided by 344.
7
Calculate the remainder when 1898417 is divided by 474600.
17
What is the remainder when 5458937 is divided by 287312?
9
What is the remainder when 1127104 is divided by 281771?
20
Calculate the remainder when 2247517 is divided by 745833.
10018
What is the remainder when 7367209 is divided by 53?
50
Calculate the remainder when 448161 is divided by 293.
164
What is the remainder when 1163896 is divided by 1346?
952
What is the remainder when 794881 is divided by 456?
73
What is the remainder when 12149308 is divided by 1012441?
16
What is the remainder when 3243925 is divided by 1081247?
184
What is the remainder when 294446 is divided by 12151?
2822
What is the remainder when 2289606 is divided by 1451?
1379
Calculate the remainder when 216034 is divided by 3660.
94
Calculate the remainder when 207203 is divided by 6440.
1123
What is the remainder when 32725 is divided by 8176?
21
What is the remainder when 520046 is divided by 2973?
2744
What is the remainder when 22703175 is divided by 237?
234
What is the remainder when 149905 is divided by 2540?
45
Calculate the remainder when 61394186 is divided by 110.
106
Calculate the remainder when 2258899 is divided by 4796.
4779
What is the remainder when 263984 is divided by 282?
32
Calculate the remainder when 1024394 is divided by 68284.
134
Calculate the remainder when 8079 is divided by 8037.
42
Calculate the remainder when 3711316 is divided by 9372.
4
Calculate the remainder when 238851 is divided by 2296.
67
Calculate the remainder when 7493589 is divided by 25.
14
Calculate the remainder when 4702461 is divided by 8011.
4
What is the remainder when 128291 is divided by 30447?
6503
What is the remainder when 15628378 is divided by 112?
10
Calculate the remainder when 13299614 is divided by 105.
104
Calculate the remainder when 13143454 is divided by 913.
819
Calculate the remainder when 3275955 is divided by 78.
33
What is the remainder when 225407 is divided by 224664?
743
What is the remainder when 775385 is divided by 110?
105
Calculate the remainder when 167989943 is divided by 456.
455
Calculate the remainder when 26944 is divided by 793.
775
Calculate the remainder when 21899103 is divided by 1067.
1062
What is the remainder when 491464 is divided by 1449?
253
Calculate the remainder when 478614 is divided by 73.
26
Calculate the remainder when 12568771 is divided by 2331.
19
Calculate the remainder when 53419851 is divided by 2886.
2877
Calculate the remainder when 9187238 is divided by 18085.
58
Calculate the remainder when 12853126 is divided by 7715.
7651
Calculate the remainder when 12442435 is divided by 444372.
19
Calculate the remainder when 24790286 is divided by 8766.
38
Calculate the remainder when 92820 is divided by 3.
0
Calculate the remainder when 755669 is divided by 377828.
13
Calculate the remainder when 36889 is divided by 639.
466
What is the remainder when 6568740 is divided by 25?
15
What is the remainder when 11356057 is divided by 415?
412
What is the remainder when 847153 is divided by 935?
43
Calculate the remainder when 7943304 is divided by 4573.
3
What is the remainder when 4948660 is divided by 123711?
220
What is the remainder when 45933158 is divided by 95694?
38
What is the remainder when 330807 is divided by 3988?
3791
What is the remainder when 10022573 is divided by 3039?
2990
Calculate the remainder when 8810 is divided by 3833.
1144
What is the remainder when 525269 is divided by 1092?
17
Calculate the remainder when 3119285 is divided by 91737.
227
Calculate the remainder when 3580921 is divided by 28420.
1
Calculate the remainder when 1464378 is divided by 3864.
3786
What is the remainder when 208685 is divided by 38?
27
What is the remainder when 217928 is divided by 400?
328
Calculate the remainder when 71273006 is divided by 10614.
10610
What is the remainder when 4776416 is divided by 955257?
131
Calculate the remainder when 9999006 is divided by 135120.
126
Calculate the remainder when 881054 is divided by 102.
80
Calculate the remainder when 900378083 is divided by 18.
11
What is the remainder when 2272803 is divided by 113623?
343
Calculate the remainder when 70642 is divided by 70538.
104
What is the remainder when 9357432 is divided by 63655?
147
What is the remainder when 272251 is divided by 8782?
9
What is the remainder when 2871488 is divided by 3312?
3296
What is the remainder when 20116410 is divided by 177?
6
Calculate the remainder when 948968872 is divided by 126.
124
What is the remainder when 19549852 is divided by 1801?
1798
Calculate the remainder when 256262 is divided by 1853.
548
Calculate the remainder when 11337 is divided by 1400.
137
Calculate the remainder when 2129306 is divided by 21727.
60
Calculate the remainder when 3711472 is divided by 1205.
72
What is the remainder when 9405778 is divided by 41435?
33
Calculate the remainder when 12369149 is divided by 2957.
18
What is the remainder when 538506 is divided by 2928?
2682
Calculate the remainder when 264343 is divided by 264314.
29
What is the remainder when 456010 is divided by 50?
10
Calculate the remainder when 1100385 is divided by 810.
405
What is the remainder when 287059 is divided by 83?
45
Calculate the remainder when 4513474 is divided by 101.
87
What is the remainder when 611600 is divided by 4?
0
Calculate the remainder when 38968760 is divided by 5.
0
What is the remainder when 138340 is divided by 13689?
1450
Calculate the remainder when 334236 is divided by 79.
66
Calculate the remainder when 1544801 is divided by 498.
5
What is the remainder when 59709847 is divided by 1912?
1911
What is the remainder when 782948 is divided by 679?
61
Calculate the remainder when 1767760 is divided by 589247.
19
What is the remainder when 3393974 is divided by 192?
182
What is the remainder when 84539337 is divided by 160?
137
What is the remainder when 454970 is divided by 2146?
18
What is the remainder when 115139 is divided by 56019?
3101
What is the remainder when 4561217 is divided by 1520401?
14
What is the remainder when 350245 is divided by 6139?
322
What is the remainder when 18634280 is divided by 338805?
5
What is the remainder when 605201 is divided by 8075?
7651
What is the remainder when 1089770 is divided by 15135?
50
What is the remainder when 18421126 is divided by 70?
66
Calculate the remainder when 4550546 is divided by 50004.
182
What is the remainder when 3256884 is divided by 6009?
6
Calculate the remainder when 94535 is divided by 792.
287
What is the remainder when 5485628 is divided by 1079?
1071
Calculate the remainder when 4778585 is divided by 361.
28
What is the remainder when 1221900 is divided by 211?
210
What is the remainder when 28781 is divided by 24838?
3943
What is the remainder when 3052604 is divided by 22120?
44
What is the remainder when 7876402 is divided by 1371?
7
What is the remainder when 570177 is divided by 1429?
6
Calculate the remainder when 25431 is divided by 904.
119
What is the remainder when 42162 is divided by 283?
278
Calculate the remainder when 35037758 is divided by 281.
149
What is the remainder when 14059364 is divided by 1893?
53
What is the remainder when 1371925 is divided by 171489?
13
What is the remainder when 419795 is divided by 365?
45
Calculate the remainder when 249578 is divided by 25.
3
What is the remainder when 681909 is divided by 1190?
39
Calculate the remainder when 1314368 is divided by 657182.
4
What is the remainder when 165205 is divided by 244?
17
Calculate the remainder when 344004058 is divided by